{"id":24013,"date":"2024-11-18T12:29:42","date_gmt":"2024-11-18T11:29:42","guid":{"rendered":"https:\/\/artedellapatina.com\/?post_type=product&#038;p=24013"},"modified":"2025-02-24T11:57:32","modified_gmt":"2025-02-24T10:57:32","slug":"i-marroni-di-marradi","status":"publish","type":"product","link":"https:\/\/artedellapatina.com\/en\/product\/i-marroni-di-marradi\/","title":{"rendered":"I Marroni di Marradi"},"content":{"rendered":"<p>EUH210: Scheda dati di sicurezza disponibile su richiesta \/ Safety data sheet available upon request Fiche de donn\u00e9es de s\u00e9curit\u00e9 disponible sur demande \/ Ficha de datos de seguridad disponible previa solicitud<br \/>\nEUH211: Attenzione! In caso di vaporizzazione possono formarsi goccioline respirabili pericolose. Non respirare i vapori o le nebbie. \/ Attention! Dangerous breathable droplets may form in case of vaporization.<br \/>\nDo not breathe vapors or mists. \/ Attention! Des gouttelettes respirables dangereuses peuvent se former en cas de vaporisation. Ne respirez pas les vapeurs ou les brumes. \/ \u00a1Atenci\u00f3n! En caso de vaporizaci\u00f3n pueden formarse gotas respirables peligrosas. No respire los vapores o las nieblas.<br \/>\nEUH208: Pu\u00f2 provocare una reazione allergica\/It can cause an allergic reaction\/Cela peut provoquer une r\u00e9action allergique\/ Puede causar una reacci\u00f3n al\u00e9rgica.<br \/>\nContiene\/Contains\/Contient: Contiene: 5-Chloro-2-methyl-4-isothiazolin-3-one [EC no. 247-500-7] \/ 2-Methyl-2H-isothiazol-3-one [EC no. 220-239-6]  (3:1), 1,2-benzisotiazol-3(2H)-one<br \/>\nP103: Leggere l\u2019etichetta prima dell\u2019uso \/ To read the label before use \/ Lire l\u2019\u00e9tiquette avant usage \/ Leer la etiqueta antes de usar &#8211; P102: Tenere fuori dalla portata dei bambini \/ Keep out of reach of children \/ Tenir hors de port\u00e9e des enfants \/ Mantener fuera del alcance de los ni\u00f1os &#8211; P101: In caso di consultazione di un medico, tenere a disposizione il contenitore o l\u2019etichetta del prodotto. VOC (Direttiva 2004\/42\/CE): Pitture per pareti esterne di supporto minerale. VOC espressi in g\/litro di prodotto pronto all\u2019uso: 2,61 Limite massimo: 40,00 \/ In case of consultation with a doctor, keep the container or label of the product available. VOC (Directive 2004\/42\/EC): Paints for external walls of mineral support. VOC expressed in g\/litre of ready-to-use product: 2.61 Maximum limit: 40.00 \/ En cas de consultation m\u00e9dicale, gardez le conteneur ou l\u2019\u00e9tiquette du produit \u00e0 disposition. COV (Directive 2004\/42\/CE): Peintures pour murs ext\u00e9rieurs \u00e0 support min\u00e9ral. COV exprim\u00e9s en g\/litre de produit pr\u00eat \u00e0 l\u2019emploi: 2,61 Limite maximal: 40,00 \/ En caso de consulta con un m\u00e9dico, mantenga a disposici\u00f3n el envase o la etiqueta del producto. COV (Directiva 2004\/42\/CE): Pinturas para paredes exteriores de soporte mineral. COV expresados en g\/litro de producto listo para usar: 2,61 L\u00edmite m\u00e1ximo: 40,00 <\/p>","protected":false},"excerpt":{"rendered":"<p>Marrone caldo.<br \/>\nSunny ridges, wooded valleys, rivers and streams that alternate with centuries-old chestnut groves, this is the territory where Marradi is located, a village in Mugello, just a few kilometers from Florence, witness of a millenary culture that gave birth to Dino Campana. In this color chart, linked to the Tuscan territory, could not miss a brown that is generally associated with the earth, mud, protection, nest, home, tree trunk, materiality, simplicity, to the terracotta and comfort and all those concepts that come to mind when we look at that little miracle of nature that is a round and glossy chestnut.<\/p>","protected":false},"featured_media":23785,"comment_status":"open","ping_status":"closed","template":"","meta":[],"product_brand":[],"product_cat":[245,233,234],"product_tag":[],"class_list":{"0":"post-24013","1":"product","2":"type-product","3":"status-publish","4":"has-post-thumbnail","6":"product_cat-mugello","7":"product_cat-tempera-antica","8":"product_cat-tempera-materica","10":"first","11":"instock","12":"taxable","13":"shipping-taxable","14":"purchasable","15":"product-type-variable","16":"has-default-attributes"},"yoast_head":"<!-- This site is optimized with the Yoast SEO plugin v27.1.1 - https:\/\/yoast.com\/product\/yoast-seo-wordpress\/ -->\n<title>I Marroni di Marradi - Arte della Patina<\/title>\n<meta name=\"robots\" content=\"index, follow, max-snippet:-1, max-image-preview:large, max-video-preview:-1\" \/>\n<link rel=\"canonical\" href=\"https:\/\/artedellapatina.com\/en\/product\/i-marroni-di-marradi\/\" \/>\n<meta property=\"og:locale\" content=\"en_GB\" \/>\n<meta property=\"og:type\" content=\"article\" \/>\n<meta property=\"og:title\" content=\"I Marroni di Marradi - Arte della Patina\" \/>\n<meta property=\"og:description\" content=\"Marrone caldo. Soleggiati crinali, boscose vallate, fiumi e ruscelli che si alternano a secolari castagneti, \u00e8 questo il territorio dove si trova Marradi, paese del Mugello, a pochi chilometri da Firenze, testimone di una cultura millenaria che ha dato i natali anche a Dino Campana. In questa cartella colori, legata al territorio toscano, non poteva mancare un marrone che viene generalmente associato alla terra, al fango, alla protezione, al nido, alla casa, al tronco d\u2019albero, alla materialit\u00e0, alla semplicit\u00e0, alla terracotta ed alla comodit\u00e0 e a tutti quei concetti che ci tornano alla mente quando guardiamo quel piccolo miracolo della natura che \u00e8 una castagna tonda e lucida.\" \/>\n<meta property=\"og:url\" content=\"https:\/\/artedellapatina.com\/en\/product\/i-marroni-di-marradi\/\" \/>\n<meta property=\"og:site_name\" content=\"Arte della Patina\" \/>\n<meta property=\"article:modified_time\" content=\"2025-02-24T10:57:32+00:00\" \/>\n<meta property=\"og:image\" content=\"https:\/\/artedellapatina.com\/wp-content\/uploads\/2024\/11\/MUGELLO_005_I-Marroni-di-Marradi-scaled.jpg\" \/>\n\t<meta property=\"og:image:width\" content=\"2560\" \/>\n\t<meta property=\"og:image:height\" content=\"2560\" \/>\n\t<meta property=\"og:image:type\" content=\"image\/jpeg\" \/>\n<meta name=\"twitter:card\" content=\"summary_large_image\" \/>\n<meta name=\"twitter:label1\" content=\"Estimated reading time\" \/>\n\t<meta name=\"twitter:data1\" content=\"3 minutes\" \/>\n<script type=\"application\/ld+json\" class=\"yoast-schema-graph\">{\"@context\":\"https:\/\/schema.org\",\"@graph\":[{\"@type\":\"WebPage\",\"@id\":\"https:\/\/artedellapatina.com\/product\/i-marroni-di-marradi\/\",\"url\":\"https:\/\/artedellapatina.com\/product\/i-marroni-di-marradi\/\",\"name\":\"I Marroni di Marradi - Arte della Patina\",\"isPartOf\":{\"@id\":\"https:\/\/artedellapatina.com\/#website\"},\"primaryImageOfPage\":{\"@id\":\"https:\/\/artedellapatina.com\/product\/i-marroni-di-marradi\/#primaryimage\"},\"image\":{\"@id\":\"https:\/\/artedellapatina.com\/product\/i-marroni-di-marradi\/#primaryimage\"},\"thumbnailUrl\":\"https:\/\/artedellapatina.com\/wp-content\/uploads\/2024\/11\/MUGELLO_005_I-Marroni-di-Marradi-scaled.jpg\",\"datePublished\":\"2024-11-18T11:29:42+00:00\",\"dateModified\":\"2025-02-24T10:57:32+00:00\",\"breadcrumb\":{\"@id\":\"https:\/\/artedellapatina.com\/product\/i-marroni-di-marradi\/#breadcrumb\"},\"inLanguage\":\"en-GB\",\"potentialAction\":[{\"@type\":\"ReadAction\",\"target\":[\"https:\/\/artedellapatina.com\/product\/i-marroni-di-marradi\/\"]}]},{\"@type\":\"ImageObject\",\"inLanguage\":\"en-GB\",\"@id\":\"https:\/\/artedellapatina.com\/product\/i-marroni-di-marradi\/#primaryimage\",\"url\":\"https:\/\/artedellapatina.com\/wp-content\/uploads\/2024\/11\/MUGELLO_005_I-Marroni-di-Marradi-scaled.jpg\",\"contentUrl\":\"https:\/\/artedellapatina.com\/wp-content\/uploads\/2024\/11\/MUGELLO_005_I-Marroni-di-Marradi-scaled.jpg\",\"width\":2560,\"height\":2560},{\"@type\":\"BreadcrumbList\",\"@id\":\"https:\/\/artedellapatina.com\/product\/i-marroni-di-marradi\/#breadcrumb\",\"itemListElement\":[{\"@type\":\"ListItem\",\"position\":1,\"name\":\"Home\",\"item\":\"https:\/\/artedellapatina.com\/\"},{\"@type\":\"ListItem\",\"position\":2,\"name\":\"Shop\",\"item\":\"https:\/\/artedellapatina.com\/shop\/\"},{\"@type\":\"ListItem\",\"position\":3,\"name\":\"I Marroni di Marradi\"}]},{\"@type\":\"WebSite\",\"@id\":\"https:\/\/artedellapatina.com\/#website\",\"url\":\"https:\/\/artedellapatina.com\/\",\"name\":\"Arte della Patina\",\"description\":\"\",\"publisher\":{\"@id\":\"https:\/\/artedellapatina.com\/#organization\"},\"potentialAction\":[{\"@type\":\"SearchAction\",\"target\":{\"@type\":\"EntryPoint\",\"urlTemplate\":\"https:\/\/artedellapatina.com\/?s={search_term_string}\"},\"query-input\":{\"@type\":\"PropertyValueSpecification\",\"valueRequired\":true,\"valueName\":\"search_term_string\"}}],\"inLanguage\":\"en-GB\"},{\"@type\":\"Organization\",\"@id\":\"https:\/\/artedellapatina.com\/#organization\",\"name\":\"Arte della Patina\",\"url\":\"https:\/\/artedellapatina.com\/\",\"logo\":{\"@type\":\"ImageObject\",\"inLanguage\":\"en-GB\",\"@id\":\"https:\/\/artedellapatina.com\/#\/schema\/logo\/image\/\",\"url\":\"https:\/\/artedellapatina.com\/wp-content\/uploads\/2024\/11\/Logo-per-firma-png-trasparente.png\",\"contentUrl\":\"https:\/\/artedellapatina.com\/wp-content\/uploads\/2024\/11\/Logo-per-firma-png-trasparente.png\",\"width\":591,\"height\":591,\"caption\":\"Arte della Patina\"},\"image\":{\"@id\":\"https:\/\/artedellapatina.com\/#\/schema\/logo\/image\/\"}}]}<\/script>\n<!-- \/ Yoast SEO plugin. -->","yoast_head_json":{"title":"I Marroni di Marradi - Arte della Patina","robots":{"index":"index","follow":"follow","max-snippet":"max-snippet:-1","max-image-preview":"max-image-preview:large","max-video-preview":"max-video-preview:-1"},"canonical":"https:\/\/artedellapatina.com\/en\/product\/i-marroni-di-marradi\/","og_locale":"en_GB","og_type":"article","og_title":"I Marroni di Marradi - Arte della Patina","og_description":"Marrone caldo. Soleggiati crinali, boscose vallate, fiumi e ruscelli che si alternano a secolari castagneti, \u00e8 questo il territorio dove si trova Marradi, paese del Mugello, a pochi chilometri da Firenze, testimone di una cultura millenaria che ha dato i natali anche a Dino Campana. In questa cartella colori, legata al territorio toscano, non poteva mancare un marrone che viene generalmente associato alla terra, al fango, alla protezione, al nido, alla casa, al tronco d\u2019albero, alla materialit\u00e0, alla semplicit\u00e0, alla terracotta ed alla comodit\u00e0 e a tutti quei concetti che ci tornano alla mente quando guardiamo quel piccolo miracolo della natura che \u00e8 una castagna tonda e lucida.","og_url":"https:\/\/artedellapatina.com\/en\/product\/i-marroni-di-marradi\/","og_site_name":"Arte della Patina","article_modified_time":"2025-02-24T10:57:32+00:00","og_image":[{"width":2560,"height":2560,"url":"https:\/\/artedellapatina.com\/wp-content\/uploads\/2024\/11\/MUGELLO_005_I-Marroni-di-Marradi-scaled.jpg","type":"image\/jpeg"}],"twitter_card":"summary_large_image","twitter_misc":{"Estimated reading time":"3 minutes"},"schema":{"@context":"https:\/\/schema.org","@graph":[{"@type":"WebPage","@id":"https:\/\/artedellapatina.com\/product\/i-marroni-di-marradi\/","url":"https:\/\/artedellapatina.com\/product\/i-marroni-di-marradi\/","name":"I Marroni di Marradi - Arte della Patina","isPartOf":{"@id":"https:\/\/artedellapatina.com\/#website"},"primaryImageOfPage":{"@id":"https:\/\/artedellapatina.com\/product\/i-marroni-di-marradi\/#primaryimage"},"image":{"@id":"https:\/\/artedellapatina.com\/product\/i-marroni-di-marradi\/#primaryimage"},"thumbnailUrl":"https:\/\/artedellapatina.com\/wp-content\/uploads\/2024\/11\/MUGELLO_005_I-Marroni-di-Marradi-scaled.jpg","datePublished":"2024-11-18T11:29:42+00:00","dateModified":"2025-02-24T10:57:32+00:00","breadcrumb":{"@id":"https:\/\/artedellapatina.com\/product\/i-marroni-di-marradi\/#breadcrumb"},"inLanguage":"en-GB","potentialAction":[{"@type":"ReadAction","target":["https:\/\/artedellapatina.com\/product\/i-marroni-di-marradi\/"]}]},{"@type":"ImageObject","inLanguage":"en-GB","@id":"https:\/\/artedellapatina.com\/product\/i-marroni-di-marradi\/#primaryimage","url":"https:\/\/artedellapatina.com\/wp-content\/uploads\/2024\/11\/MUGELLO_005_I-Marroni-di-Marradi-scaled.jpg","contentUrl":"https:\/\/artedellapatina.com\/wp-content\/uploads\/2024\/11\/MUGELLO_005_I-Marroni-di-Marradi-scaled.jpg","width":2560,"height":2560},{"@type":"BreadcrumbList","@id":"https:\/\/artedellapatina.com\/product\/i-marroni-di-marradi\/#breadcrumb","itemListElement":[{"@type":"ListItem","position":1,"name":"Home","item":"https:\/\/artedellapatina.com\/"},{"@type":"ListItem","position":2,"name":"Shop","item":"https:\/\/artedellapatina.com\/shop\/"},{"@type":"ListItem","position":3,"name":"I Marroni di Marradi"}]},{"@type":"WebSite","@id":"https:\/\/artedellapatina.com\/#website","url":"https:\/\/artedellapatina.com\/","name":"Art of Patina","description":"","publisher":{"@id":"https:\/\/artedellapatina.com\/#organization"},"potentialAction":[{"@type":"SearchAction","target":{"@type":"EntryPoint","urlTemplate":"https:\/\/artedellapatina.com\/?s={search_term_string}"},"query-input":{"@type":"PropertyValueSpecification","valueRequired":true,"valueName":"search_term_string"}}],"inLanguage":"en-GB"},{"@type":"Organization","@id":"https:\/\/artedellapatina.com\/#organization","name":"Art of Patina","url":"https:\/\/artedellapatina.com\/","logo":{"@type":"ImageObject","inLanguage":"en-GB","@id":"https:\/\/artedellapatina.com\/#\/schema\/logo\/image\/","url":"https:\/\/artedellapatina.com\/wp-content\/uploads\/2024\/11\/Logo-per-firma-png-trasparente.png","contentUrl":"https:\/\/artedellapatina.com\/wp-content\/uploads\/2024\/11\/Logo-per-firma-png-trasparente.png","width":591,"height":591,"caption":"Arte della Patina"},"image":{"@id":"https:\/\/artedellapatina.com\/#\/schema\/logo\/image\/"}}]}},"_links":{"self":[{"href":"https:\/\/artedellapatina.com\/en\/wp-json\/wp\/v2\/product\/24013","targetHints":{"allow":["GET"]}}],"collection":[{"href":"https:\/\/artedellapatina.com\/en\/wp-json\/wp\/v2\/product"}],"about":[{"href":"https:\/\/artedellapatina.com\/en\/wp-json\/wp\/v2\/types\/product"}],"replies":[{"embeddable":true,"href":"https:\/\/artedellapatina.com\/en\/wp-json\/wp\/v2\/comments?post=24013"}],"wp:featuredmedia":[{"embeddable":true,"href":"https:\/\/artedellapatina.com\/en\/wp-json\/wp\/v2\/media\/23785"}],"wp:attachment":[{"href":"https:\/\/artedellapatina.com\/en\/wp-json\/wp\/v2\/media?parent=24013"}],"wp:term":[{"taxonomy":"product_brand","embeddable":true,"href":"https:\/\/artedellapatina.com\/en\/wp-json\/wp\/v2\/product_brand?post=24013"},{"taxonomy":"product_cat","embeddable":true,"href":"https:\/\/artedellapatina.com\/en\/wp-json\/wp\/v2\/product_cat?post=24013"},{"taxonomy":"product_tag","embeddable":true,"href":"https:\/\/artedellapatina.com\/en\/wp-json\/wp\/v2\/product_tag?post=24013"}],"curies":[{"name":"wp","href":"https:\/\/api.w.org\/{rel}","templated":true}]}}

<p>EUH210: Scheda dati di sicurezza disponibile su richiesta / Safety data sheet available upon request Fiche de données de sécurité disponible sur demande / Ficha de datos de seguridad disponible previa solicitud<br />
EUH211: Attenzione! In caso di vaporizzazione possono formarsi goccioline respirabili pericolose. Non respirare i vapori o le nebbie. / Attention! Dangerous breathable droplets may form in case of vaporization.<br />
Do not breathe vapors or mists. / Attention! Des gouttelettes respirables dangereuses peuvent se former en cas de vaporisation. Ne respirez pas les vapeurs ou les brumes. / ¡Atención! En caso de vaporización pueden formarse gotas respirables peligrosas. No respire los vapores o las nieblas.<br />
EUH208: Può provocare una reazione allergica/It can cause an allergic reaction/Cela peut provoquer une réaction allergique/ Puede causar una reacción alérgica.<br />
Contiene/Contains/Contient: Contiene: 5-Chloro-2-methyl-4-isothiazolin-3-one [EC no. 247-500-7] / 2-Methyl-2H-isothiazol-3-one [EC no. 220-239-6]  (3:1), 1,2-benzisotiazol-3(2H)-one<br />
P103: Leggere l’etichetta prima dell’uso / To read the label before use / Lire l’étiquette avant usage / Leer la etiqueta antes de usar &#8211; P102: Tenere fuori dalla portata dei bambini / Keep out of reach of children / Tenir hors de portée des enfants / Mantener fuera del alcance de los niños &#8211; P101: In caso di consultazione di un medico, tenere a disposizione il contenitore o l’etichetta del prodotto. VOC (Direttiva 2004/42/CE): Pitture per pareti esterne di supporto minerale. VOC espressi in g/litro di prodotto pronto all’uso: 2,61 Limite massimo: 40,00 / In case of consultation with a doctor, keep the container or label of the product available. VOC (Directive 2004/42/EC): Paints for external walls of mineral support. VOC expressed in g/litre of ready-to-use product: 2.61 Maximum limit: 40.00 / En cas de consultation médicale, gardez le conteneur ou l’étiquette du produit à disposition. COV (Directive 2004/42/CE): Peintures pour murs extérieurs à support minéral. COV exprimés en g/litre de produit prêt à l’emploi: 2,61 Limite maximal: 40,00 / En caso de consulta con un médico, mantenga a disposición el envase o la etiqueta del producto. COV (Directiva 2004/42/CE): Pinturas para paredes exteriores de soporte mineral. COV expresados en g/litro de producto listo para usar: 2,61 Límite máximo: 40,00 </p>

<!-- This site is optimized with the Yoast SEO plugin v27.1.1 - https://yoast.com/product/yoast-seo-wordpress/ -->
<title>I Marroni di Marradi - Arte della Patina</title>
<meta name="robots" content="index, follow, max-snippet:-1, max-image-preview:large, max-video-preview:-1" />
<link rel="canonical" href="https://artedellapatina.com/en/product/i-marroni-di-marradi/" />
<meta property="og:locale" content="en_GB" />
<meta property="og:type" content="article" />
<meta property="og:title" content="I Marroni di Marradi - Arte della Patina" />
<meta property="og:description" content="Marrone caldo. Soleggiati crinali, boscose vallate, fiumi e ruscelli che si alternano a secolari castagneti, è questo il territorio dove si trova Marradi, paese del Mugello, a pochi chilometri da Firenze, testimone di una cultura millenaria che ha dato i natali anche a Dino Campana. In questa cartella colori, legata al territorio toscano, non poteva mancare un marrone che viene generalmente associato alla terra, al fango, alla protezione, al nido, alla casa, al tronco d’albero, alla materialità, alla semplicità, alla terracotta ed alla comodità e a tutti quei concetti che ci tornano alla mente quando guardiamo quel piccolo miracolo della natura che è una castagna tonda e lucida." />
<meta property="og:url" content="https://artedellapatina.com/en/product/i-marroni-di-marradi/" />
<meta property="og:site_name" content="Arte della Patina" />
<meta property="article:modified_time" content="2025-02-24T10:57:32+00:00" />
<meta property="og:image" content="https://artedellapatina.com/wp-content/uploads/2024/11/MUGELLO_005_I-Marroni-di-Marradi-scaled.jpg" />
	<meta property="og:image:width" content="2560" />
	<meta property="og:image:height" content="2560" />
	<meta property="og:image:type" content="image/jpeg" />
<meta name="twitter:card" content="summary_large_image" />
<meta name="twitter:label1" content="Estimated reading time" />
	<meta name="twitter:data1" content="3 minutes" />
<script type="application/ld+json" class="yoast-schema-graph">{"@context":"https://schema.org","@graph":[{"@type":"WebPage","@id":"https://artedellapatina.com/product/i-marroni-di-marradi/","url":"https://artedellapatina.com/product/i-marroni-di-marradi/","name":"I Marroni di Marradi - Arte della Patina","isPartOf":{"@id":"https://artedellapatina.com/#website"},"primaryImageOfPage":{"@id":"https://artedellapatina.com/product/i-marroni-di-marradi/#primaryimage"},"image":{"@id":"https://artedellapatina.com/product/i-marroni-di-marradi/#primaryimage"},"thumbnailUrl":"https://artedellapatina.com/wp-content/uploads/2024/11/MUGELLO_005_I-Marroni-di-Marradi-scaled.jpg","datePublished":"2024-11-18T11:29:42+00:00","dateModified":"2025-02-24T10:57:32+00:00","breadcrumb":{"@id":"https://artedellapatina.com/product/i-marroni-di-marradi/#breadcrumb"},"inLanguage":"en-GB","potentialAction":[{"@type":"ReadAction","target":["https://artedellapatina.com/product/i-marroni-di-marradi/"]}]},{"@type":"ImageObject","inLanguage":"en-GB","@id":"https://artedellapatina.com/product/i-marroni-di-marradi/#primaryimage","url":"https://artedellapatina.com/wp-content/uploads/2024/11/MUGELLO_005_I-Marroni-di-Marradi-scaled.jpg","contentUrl":"https://artedellapatina.com/wp-content/uploads/2024/11/MUGELLO_005_I-Marroni-di-Marradi-scaled.jpg","width":2560,"height":2560},{"@type":"BreadcrumbList","@id":"https://artedellapatina.com/product/i-marroni-di-marradi/#breadcrumb","itemListElement":[{"@type":"ListItem","position":1,"name":"Home","item":"https://artedellapatina.com/"},{"@type":"ListItem","position":2,"name":"Shop","item":"https://artedellapatina.com/shop/"},{"@type":"ListItem","position":3,"name":"I Marroni di Marradi"}]},{"@type":"WebSite","@id":"https://artedellapatina.com/#website","url":"https://artedellapatina.com/","name":"Arte della Patina","description":"","publisher":{"@id":"https://artedellapatina.com/#organization"},"potentialAction":[{"@type":"SearchAction","target":{"@type":"EntryPoint","urlTemplate":"https://artedellapatina.com/?s={search_term_string}"},"query-input":{"@type":"PropertyValueSpecification","valueRequired":true,"valueName":"search_term_string"}}],"inLanguage":"en-GB"},{"@type":"Organization","@id":"https://artedellapatina.com/#organization","name":"Arte della Patina","url":"https://artedellapatina.com/","logo":{"@type":"ImageObject","inLanguage":"en-GB","@id":"https://artedellapatina.com/#/schema/logo/image/","url":"https://artedellapatina.com/wp-content/uploads/2024/11/Logo-per-firma-png-trasparente.png","contentUrl":"https://artedellapatina.com/wp-content/uploads/2024/11/Logo-per-firma-png-trasparente.png","width":591,"height":591,"caption":"Arte della Patina"},"image":{"@id":"https://artedellapatina.com/#/schema/logo/image/"}}]}</script>
<!-- / Yoast SEO plugin. -->

Marrone caldo. Soleggiati crinali, boscose vallate, fiumi e ruscelli che si alternano a secolari castagneti, è questo il territorio dove si trova Marradi, paese del Mugello, a pochi chilometri da Firenze, testimone di una cultura millenaria che ha dato i natali anche a Dino Campana. In questa cartella colori, legata al territorio toscano, non poteva mancare un marrone che viene generalmente associato alla terra, al fango, alla protezione, al nido, alla casa, al tronco d’albero, alla materialità, alla semplicità, alla terracotta ed alla comodità e a tutti quei concetti che ci tornano alla mente quando guardiamo quel piccolo miracolo della natura che è una castagna tonda e lucida.
