{"id":24184,"date":"2024-11-18T15:09:41","date_gmt":"2024-11-18T14:09:41","guid":{"rendered":"https:\/\/artedellapatina.com\/?post_type=product&#038;p=24184"},"modified":"2024-12-18T16:02:41","modified_gmt":"2024-12-18T15:02:41","slug":"terra-dombra-di-cipro-bruciata-b","status":"publish","type":"product","link":"https:\/\/artedellapatina.com\/en\/product\/terra-dombra-di-cipro-bruciata-b\/","title":{"rendered":"Terra d\u2019Ombra di Cipro Bruciata B"},"content":{"rendered":"","protected":false},"excerpt":{"rendered":"<p>Burnt Cyprus Shade B - Natural earth with a brown colour, the heat of the dye is due to the temperature at which it was calcined. The lands mined in Cyprus are of higher quality than others. Used by man since prehistoric times.<\/p>","protected":false},"featured_media":23860,"comment_status":"open","ping_status":"closed","template":"","meta":[],"product_brand":[],"product_cat":[258],"product_tag":[],"class_list":{"0":"post-24184","1":"product","2":"type-product","3":"status-publish","4":"has-post-thumbnail","6":"product_cat-pigmenti-e-terre-naturali-in-polvere","8":"first","9":"instock","10":"taxable","11":"shipping-taxable","12":"purchasable","13":"product-type-variable","14":"has-default-attributes"},"yoast_head":"<!-- This site is optimized with the Yoast SEO plugin v27.1.1 - https:\/\/yoast.com\/product\/yoast-seo-wordpress\/ -->\n<title>Terra d\u2019Ombra di Cipro Bruciata B - Arte della Patina<\/title>\n<meta name=\"robots\" content=\"index, follow, max-snippet:-1, max-image-preview:large, max-video-preview:-1\" \/>\n<link rel=\"canonical\" href=\"https:\/\/artedellapatina.com\/en\/product\/terra-dombra-di-cipro-bruciata-b\/\" \/>\n<meta property=\"og:locale\" content=\"en_GB\" \/>\n<meta property=\"og:type\" content=\"article\" \/>\n<meta property=\"og:title\" content=\"Terra d\u2019Ombra di Cipro Bruciata B - Arte della Patina\" \/>\n<meta property=\"og:description\" content=\"Terra d\u2019Ombra di Cipro Bruciata B \u2013 Terra naturale dal colore tendente al marrone, il calore della tinta \u00e8 dovuto alla temperatura di calcinazione alla quale \u00e8 stata sottoposta. Le terre estratte a Cipro sono di qualit\u00e0 superiore rispetto alle altre. Utilizzata dall\u2019uomo fin dalla preistoria.\" \/>\n<meta property=\"og:url\" content=\"https:\/\/artedellapatina.com\/en\/product\/terra-dombra-di-cipro-bruciata-b\/\" \/>\n<meta property=\"og:site_name\" content=\"Arte della Patina\" \/>\n<meta property=\"article:modified_time\" content=\"2024-12-18T15:02:41+00:00\" \/>\n<meta property=\"og:image\" content=\"https:\/\/artedellapatina.com\/wp-content\/uploads\/2024\/11\/TERRA-OMBRA-CIPRO-BRUCIATA-B.jpg\" \/>\n\t<meta property=\"og:image:width\" content=\"1890\" \/>\n\t<meta property=\"og:image:height\" content=\"1890\" \/>\n\t<meta property=\"og:image:type\" content=\"image\/jpeg\" \/>\n<meta name=\"twitter:card\" content=\"summary_large_image\" \/>\n<script type=\"application\/ld+json\" class=\"yoast-schema-graph\">{\"@context\":\"https:\/\/schema.org\",\"@graph\":[{\"@type\":\"WebPage\",\"@id\":\"https:\/\/artedellapatina.com\/product\/terra-dombra-di-cipro-bruciata-b\/\",\"url\":\"https:\/\/artedellapatina.com\/product\/terra-dombra-di-cipro-bruciata-b\/\",\"name\":\"Terra d\u2019Ombra di Cipro Bruciata B - Arte della Patina\",\"isPartOf\":{\"@id\":\"https:\/\/artedellapatina.com\/#website\"},\"primaryImageOfPage\":{\"@id\":\"https:\/\/artedellapatina.com\/product\/terra-dombra-di-cipro-bruciata-b\/#primaryimage\"},\"image\":{\"@id\":\"https:\/\/artedellapatina.com\/product\/terra-dombra-di-cipro-bruciata-b\/#primaryimage\"},\"thumbnailUrl\":\"https:\/\/artedellapatina.com\/wp-content\/uploads\/2024\/11\/TERRA-OMBRA-CIPRO-BRUCIATA-B.jpg\",\"datePublished\":\"2024-11-18T14:09:41+00:00\",\"dateModified\":\"2024-12-18T15:02:41+00:00\",\"breadcrumb\":{\"@id\":\"https:\/\/artedellapatina.com\/product\/terra-dombra-di-cipro-bruciata-b\/#breadcrumb\"},\"inLanguage\":\"en-GB\",\"potentialAction\":[{\"@type\":\"ReadAction\",\"target\":[\"https:\/\/artedellapatina.com\/product\/terra-dombra-di-cipro-bruciata-b\/\"]}]},{\"@type\":\"ImageObject\",\"inLanguage\":\"en-GB\",\"@id\":\"https:\/\/artedellapatina.com\/product\/terra-dombra-di-cipro-bruciata-b\/#primaryimage\",\"url\":\"https:\/\/artedellapatina.com\/wp-content\/uploads\/2024\/11\/TERRA-OMBRA-CIPRO-BRUCIATA-B.jpg\",\"contentUrl\":\"https:\/\/artedellapatina.com\/wp-content\/uploads\/2024\/11\/TERRA-OMBRA-CIPRO-BRUCIATA-B.jpg\",\"width\":1890,\"height\":1890},{\"@type\":\"BreadcrumbList\",\"@id\":\"https:\/\/artedellapatina.com\/product\/terra-dombra-di-cipro-bruciata-b\/#breadcrumb\",\"itemListElement\":[{\"@type\":\"ListItem\",\"position\":1,\"name\":\"Home\",\"item\":\"https:\/\/artedellapatina.com\/\"},{\"@type\":\"ListItem\",\"position\":2,\"name\":\"Shop\",\"item\":\"https:\/\/artedellapatina.com\/shop\/\"},{\"@type\":\"ListItem\",\"position\":3,\"name\":\"Terra d\u2019Ombra di Cipro Bruciata B\"}]},{\"@type\":\"WebSite\",\"@id\":\"https:\/\/artedellapatina.com\/#website\",\"url\":\"https:\/\/artedellapatina.com\/\",\"name\":\"Arte della Patina\",\"description\":\"\",\"publisher\":{\"@id\":\"https:\/\/artedellapatina.com\/#organization\"},\"potentialAction\":[{\"@type\":\"SearchAction\",\"target\":{\"@type\":\"EntryPoint\",\"urlTemplate\":\"https:\/\/artedellapatina.com\/?s={search_term_string}\"},\"query-input\":{\"@type\":\"PropertyValueSpecification\",\"valueRequired\":true,\"valueName\":\"search_term_string\"}}],\"inLanguage\":\"en-GB\"},{\"@type\":\"Organization\",\"@id\":\"https:\/\/artedellapatina.com\/#organization\",\"name\":\"Arte della Patina\",\"url\":\"https:\/\/artedellapatina.com\/\",\"logo\":{\"@type\":\"ImageObject\",\"inLanguage\":\"en-GB\",\"@id\":\"https:\/\/artedellapatina.com\/#\/schema\/logo\/image\/\",\"url\":\"https:\/\/artedellapatina.com\/wp-content\/uploads\/2024\/11\/Logo-per-firma-png-trasparente.png\",\"contentUrl\":\"https:\/\/artedellapatina.com\/wp-content\/uploads\/2024\/11\/Logo-per-firma-png-trasparente.png\",\"width\":591,\"height\":591,\"caption\":\"Arte della Patina\"},\"image\":{\"@id\":\"https:\/\/artedellapatina.com\/#\/schema\/logo\/image\/\"}}]}<\/script>\n<!-- \/ Yoast SEO plugin. -->","yoast_head_json":{"title":"Terra d\u2019Ombra di Cipro Bruciata B - Arte della Patina","robots":{"index":"index","follow":"follow","max-snippet":"max-snippet:-1","max-image-preview":"max-image-preview:large","max-video-preview":"max-video-preview:-1"},"canonical":"https:\/\/artedellapatina.com\/en\/product\/terra-dombra-di-cipro-bruciata-b\/","og_locale":"en_GB","og_type":"article","og_title":"Terra d\u2019Ombra di Cipro Bruciata B - Arte della Patina","og_description":"Terra d\u2019Ombra di Cipro Bruciata B \u2013 Terra naturale dal colore tendente al marrone, il calore della tinta \u00e8 dovuto alla temperatura di calcinazione alla quale \u00e8 stata sottoposta. Le terre estratte a Cipro sono di qualit\u00e0 superiore rispetto alle altre. Utilizzata dall\u2019uomo fin dalla preistoria.","og_url":"https:\/\/artedellapatina.com\/en\/product\/terra-dombra-di-cipro-bruciata-b\/","og_site_name":"Arte della Patina","article_modified_time":"2024-12-18T15:02:41+00:00","og_image":[{"width":1890,"height":1890,"url":"https:\/\/artedellapatina.com\/wp-content\/uploads\/2024\/11\/TERRA-OMBRA-CIPRO-BRUCIATA-B.jpg","type":"image\/jpeg"}],"twitter_card":"summary_large_image","schema":{"@context":"https:\/\/schema.org","@graph":[{"@type":"WebPage","@id":"https:\/\/artedellapatina.com\/product\/terra-dombra-di-cipro-bruciata-b\/","url":"https:\/\/artedellapatina.com\/product\/terra-dombra-di-cipro-bruciata-b\/","name":"Terra d\u2019Ombra di Cipro Bruciata B - Arte della Patina","isPartOf":{"@id":"https:\/\/artedellapatina.com\/#website"},"primaryImageOfPage":{"@id":"https:\/\/artedellapatina.com\/product\/terra-dombra-di-cipro-bruciata-b\/#primaryimage"},"image":{"@id":"https:\/\/artedellapatina.com\/product\/terra-dombra-di-cipro-bruciata-b\/#primaryimage"},"thumbnailUrl":"https:\/\/artedellapatina.com\/wp-content\/uploads\/2024\/11\/TERRA-OMBRA-CIPRO-BRUCIATA-B.jpg","datePublished":"2024-11-18T14:09:41+00:00","dateModified":"2024-12-18T15:02:41+00:00","breadcrumb":{"@id":"https:\/\/artedellapatina.com\/product\/terra-dombra-di-cipro-bruciata-b\/#breadcrumb"},"inLanguage":"en-GB","potentialAction":[{"@type":"ReadAction","target":["https:\/\/artedellapatina.com\/product\/terra-dombra-di-cipro-bruciata-b\/"]}]},{"@type":"ImageObject","inLanguage":"en-GB","@id":"https:\/\/artedellapatina.com\/product\/terra-dombra-di-cipro-bruciata-b\/#primaryimage","url":"https:\/\/artedellapatina.com\/wp-content\/uploads\/2024\/11\/TERRA-OMBRA-CIPRO-BRUCIATA-B.jpg","contentUrl":"https:\/\/artedellapatina.com\/wp-content\/uploads\/2024\/11\/TERRA-OMBRA-CIPRO-BRUCIATA-B.jpg","width":1890,"height":1890},{"@type":"BreadcrumbList","@id":"https:\/\/artedellapatina.com\/product\/terra-dombra-di-cipro-bruciata-b\/#breadcrumb","itemListElement":[{"@type":"ListItem","position":1,"name":"Home","item":"https:\/\/artedellapatina.com\/"},{"@type":"ListItem","position":2,"name":"Shop","item":"https:\/\/artedellapatina.com\/shop\/"},{"@type":"ListItem","position":3,"name":"Terra d\u2019Ombra di Cipro Bruciata B"}]},{"@type":"WebSite","@id":"https:\/\/artedellapatina.com\/#website","url":"https:\/\/artedellapatina.com\/","name":"Art of Patina","description":"","publisher":{"@id":"https:\/\/artedellapatina.com\/#organization"},"potentialAction":[{"@type":"SearchAction","target":{"@type":"EntryPoint","urlTemplate":"https:\/\/artedellapatina.com\/?s={search_term_string}"},"query-input":{"@type":"PropertyValueSpecification","valueRequired":true,"valueName":"search_term_string"}}],"inLanguage":"en-GB"},{"@type":"Organization","@id":"https:\/\/artedellapatina.com\/#organization","name":"Art of Patina","url":"https:\/\/artedellapatina.com\/","logo":{"@type":"ImageObject","inLanguage":"en-GB","@id":"https:\/\/artedellapatina.com\/#\/schema\/logo\/image\/","url":"https:\/\/artedellapatina.com\/wp-content\/uploads\/2024\/11\/Logo-per-firma-png-trasparente.png","contentUrl":"https:\/\/artedellapatina.com\/wp-content\/uploads\/2024\/11\/Logo-per-firma-png-trasparente.png","width":591,"height":591,"caption":"Arte della Patina"},"image":{"@id":"https:\/\/artedellapatina.com\/#\/schema\/logo\/image\/"}}]}},"_links":{"self":[{"href":"https:\/\/artedellapatina.com\/en\/wp-json\/wp\/v2\/product\/24184","targetHints":{"allow":["GET"]}}],"collection":[{"href":"https:\/\/artedellapatina.com\/en\/wp-json\/wp\/v2\/product"}],"about":[{"href":"https:\/\/artedellapatina.com\/en\/wp-json\/wp\/v2\/types\/product"}],"replies":[{"embeddable":true,"href":"https:\/\/artedellapatina.com\/en\/wp-json\/wp\/v2\/comments?post=24184"}],"wp:featuredmedia":[{"embeddable":true,"href":"https:\/\/artedellapatina.com\/en\/wp-json\/wp\/v2\/media\/23860"}],"wp:attachment":[{"href":"https:\/\/artedellapatina.com\/en\/wp-json\/wp\/v2\/media?parent=24184"}],"wp:term":[{"taxonomy":"product_brand","embeddable":true,"href":"https:\/\/artedellapatina.com\/en\/wp-json\/wp\/v2\/product_brand?post=24184"},{"taxonomy":"product_cat","embeddable":true,"href":"https:\/\/artedellapatina.com\/en\/wp-json\/wp\/v2\/product_cat?post=24184"},{"taxonomy":"product_tag","embeddable":true,"href":"https:\/\/artedellapatina.com\/en\/wp-json\/wp\/v2\/product_tag?post=24184"}],"curies":[{"name":"wp","href":"https:\/\/api.w.org\/{rel}","templated":true}]}}

<!-- This site is optimized with the Yoast SEO plugin v27.1.1 - https://yoast.com/product/yoast-seo-wordpress/ -->
<title>Terra d’Ombra di Cipro Bruciata B - Arte della Patina</title>
<meta name="robots" content="index, follow, max-snippet:-1, max-image-preview:large, max-video-preview:-1" />
<link rel="canonical" href="https://artedellapatina.com/en/product/terra-dombra-di-cipro-bruciata-b/" />
<meta property="og:locale" content="en_GB" />
<meta property="og:type" content="article" />
<meta property="og:title" content="Terra d’Ombra di Cipro Bruciata B - Arte della Patina" />
<meta property="og:description" content="Terra d’Ombra di Cipro Bruciata B – Terra naturale dal colore tendente al marrone, il calore della tinta è dovuto alla temperatura di calcinazione alla quale è stata sottoposta. Le terre estratte a Cipro sono di qualità superiore rispetto alle altre. Utilizzata dall’uomo fin dalla preistoria." />
<meta property="og:url" content="https://artedellapatina.com/en/product/terra-dombra-di-cipro-bruciata-b/" />
<meta property="og:site_name" content="Arte della Patina" />
<meta property="article:modified_time" content="2024-12-18T15:02:41+00:00" />
<meta property="og:image" content="https://artedellapatina.com/wp-content/uploads/2024/11/TERRA-OMBRA-CIPRO-BRUCIATA-B.jpg" />
	<meta property="og:image:width" content="1890" />
	<meta property="og:image:height" content="1890" />
	<meta property="og:image:type" content="image/jpeg" />
<meta name="twitter:card" content="summary_large_image" />
<script type="application/ld+json" class="yoast-schema-graph">{"@context":"https://schema.org","@graph":[{"@type":"WebPage","@id":"https://artedellapatina.com/product/terra-dombra-di-cipro-bruciata-b/","url":"https://artedellapatina.com/product/terra-dombra-di-cipro-bruciata-b/","name":"Terra d’Ombra di Cipro Bruciata B - Arte della Patina","isPartOf":{"@id":"https://artedellapatina.com/#website"},"primaryImageOfPage":{"@id":"https://artedellapatina.com/product/terra-dombra-di-cipro-bruciata-b/#primaryimage"},"image":{"@id":"https://artedellapatina.com/product/terra-dombra-di-cipro-bruciata-b/#primaryimage"},"thumbnailUrl":"https://artedellapatina.com/wp-content/uploads/2024/11/TERRA-OMBRA-CIPRO-BRUCIATA-B.jpg","datePublished":"2024-11-18T14:09:41+00:00","dateModified":"2024-12-18T15:02:41+00:00","breadcrumb":{"@id":"https://artedellapatina.com/product/terra-dombra-di-cipro-bruciata-b/#breadcrumb"},"inLanguage":"en-GB","potentialAction":[{"@type":"ReadAction","target":["https://artedellapatina.com/product/terra-dombra-di-cipro-bruciata-b/"]}]},{"@type":"ImageObject","inLanguage":"en-GB","@id":"https://artedellapatina.com/product/terra-dombra-di-cipro-bruciata-b/#primaryimage","url":"https://artedellapatina.com/wp-content/uploads/2024/11/TERRA-OMBRA-CIPRO-BRUCIATA-B.jpg","contentUrl":"https://artedellapatina.com/wp-content/uploads/2024/11/TERRA-OMBRA-CIPRO-BRUCIATA-B.jpg","width":1890,"height":1890},{"@type":"BreadcrumbList","@id":"https://artedellapatina.com/product/terra-dombra-di-cipro-bruciata-b/#breadcrumb","itemListElement":[{"@type":"ListItem","position":1,"name":"Home","item":"https://artedellapatina.com/"},{"@type":"ListItem","position":2,"name":"Shop","item":"https://artedellapatina.com/shop/"},{"@type":"ListItem","position":3,"name":"Terra d’Ombra di Cipro Bruciata B"}]},{"@type":"WebSite","@id":"https://artedellapatina.com/#website","url":"https://artedellapatina.com/","name":"Arte della Patina","description":"","publisher":{"@id":"https://artedellapatina.com/#organization"},"potentialAction":[{"@type":"SearchAction","target":{"@type":"EntryPoint","urlTemplate":"https://artedellapatina.com/?s={search_term_string}"},"query-input":{"@type":"PropertyValueSpecification","valueRequired":true,"valueName":"search_term_string"}}],"inLanguage":"en-GB"},{"@type":"Organization","@id":"https://artedellapatina.com/#organization","name":"Arte della Patina","url":"https://artedellapatina.com/","logo":{"@type":"ImageObject","inLanguage":"en-GB","@id":"https://artedellapatina.com/#/schema/logo/image/","url":"https://artedellapatina.com/wp-content/uploads/2024/11/Logo-per-firma-png-trasparente.png","contentUrl":"https://artedellapatina.com/wp-content/uploads/2024/11/Logo-per-firma-png-trasparente.png","width":591,"height":591,"caption":"Arte della Patina"},"image":{"@id":"https://artedellapatina.com/#/schema/logo/image/"}}]}</script>
<!-- / Yoast SEO plugin. -->

Terra d’Ombra di Cipro Bruciata B – Terra naturale dal colore tendente al marrone, il calore della tinta è dovuto alla temperatura di calcinazione alla quale è stata sottoposta. Le terre estratte a Cipro sono di qualità superiore rispetto alle altre. Utilizzata dall’uomo fin dalla preistoria.
